lculate the remainder when 1213 is divided by 9.
7
Calculate the remainder when 520 is divided by 267.
253
What is the remainder when 2571 is divided by 22?
19
Calculate the remainder when 3302 is divided by 26.
0
Calculate the remainder when 163 is divided by 31.
8
Calculate the remainder when 404 is divided by 221.
183
Calculate the remainder when 159 is divided by 69.
21
Calculate the remainder when 161 is divided by 83.
78
Calculate the remainder when 3295 is divided by 1088.
31
Calculate the remainder when 1914 is divided by 478.
2
What is the remainder when 53 is divided by 31?
22
Calculate the remainder when 297 is divided by 48.
9
Calculate the remainder when 7087 is divided by 7083.
4
Calculate the remainder when 215 is divided by 47.
27
Calculate the remainder when 323 is divided by 153.
17
What is the remainder when 160 is divided by 35?
20
Calculate the remainder when 5999 is divided by 80.
79
What is the remainder when 1838 is divided by 46?
44
What is the remainder when 4394 is divided by 15?
14
What is the remainder when 1743 is divided by 109?
108
Calculate the remainder when 722 is divided by 14.
8
Calculate the remainder when 3359 is divided by 70.
69
What is the remainder when 3239 is divided by 72?
71
Calculate the remainder when 281 is divided by 57.
53
Calculate the remainder when 148 is divided by 12.
4
Calculate the remainder when 62 is divided by 22.
18
Calculate the remainder when 6927 is divided by 14.
11
Calculate the remainder when 737 is divided by 303.
131
Calculate the remainder when 858 is divided by 96.
90
Calculate the remainder when 57 is divided by 26.
5
What is the remainder when 176 is divided by 51?
23
Calculate the remainder when 3112 is divided by 82.
78
What is the remainder when 148 is divided by 6?
4
Calculate the remainder when 1421 is divided by 18.
17
What is the remainder when 21 is divided by 15?
6
Calculate the remainder when 93 is divided by 43.
7
What is the remainder when 404 is divided by 15?
14
What is the remainder when 760 is divided by 375?
10
What is the remainder when 9 is divided by 6?
3
What is the remainder when 741 is divided by 93?
90
Calculate the remainder when 489 is divided by 29.
25
What is the remainder when 46 is divided by 11?
2
What is the remainder when 70 is divided by 56?
14
What is the remainder when 158 is divided by 42?
32
Calculate the remainder when 320 is divided by 27.
23
What is the remainder when 2120 is divided by 11?
8
Calculate the remainder when 1391 is divided by 359.
314
What is the remainder when 382 is divided by 37?
12
What is the remainder when 275 is divided by 77?
44
Calculate the remainder when 616 is divided by 67.
13
What is the remainder when 91 is divided by 11?
3
Calculate the remainder when 1679 is divided by 35.
34
Calculate the remainder when 75 is divided by 9.
3
Calculate the remainder when 746 is divided by 468.
278
What is the remainder when 179 is divided by 62?
55
Calculate the remainder when 632 is divided by 91.
86
Calculate the remainder when 236 is divided by 69.
29
Calculate the remainder when 18 is divided by 7.
4
What is the remainder when 7083 is divided by 23?
22
Calculate the remainder when 398 is divided by 129.
11
Calculate the remainder when 7077 is divided by 10.
7
Calculate the remainder when 161 is divided by 15.
11
Calculate the remainder when 746 is divided by 83.
82
What is the remainder when 2309 is divided by 17?
14
Calculate the remainder when 128 is divided by 15.
8
What is the remainder when 960 is divided by 306?
42
Calculate the remainder when 218 is divided by 41.
13
What is the remainder when 94 is divided by 29?
7
Calculate the remainder when 209 is divided by 67.
8
What is the remainder when 76 is divided by 17?
8
What is the remainder when 205 is divided by 198?
7
What is the remainder when 59 is divided by 59?
0
Calculate the remainder when 262 is divided by 33.
31
Calculate the remainder when 686 is divided by 176.
158
Calculate the remainder when 2343 is divided by 46.
43
What is the remainder when 2879 is divided by 93?
89
Calculate the remainder when 1123 is divided by 229.
207
Calculate the remainder when 326 is divided by 78.
14
What is the remainder when 64 is divided by 27?
10
Calculate the remainder when 6971 is divided by 42.
41
What is the remainder when 124 is divided by 96?
28
Calculate the remainder when 105 is divided by 101.
4
Calculate the remainder when 76 is divided by 12.
4
Calculate the remainder when 7762 is divided by 21.
13
Calculate the remainder when 904 is divided by 19.
11
What is the remainder when 730 is divided by 217?
79
Calculate the remainder when 1589 is divided by 146.
129
What is the remainder when 79 is divided by 29?
21
Calculate the remainder when 1007 is divided by 42.
41
Calculate the remainder when 1635 is divided by 21.
18
Calculate the remainder when 138 is divided by 13.
8
What is the remainder when 1043 is divided by 11?
9
Calculate the remainder when 1091 is divided by 139.
118
Calculate the remainder when 120 is divided by 9.
3
Calculate the remainder when 272 is divided by 74.
50
What is the remainder when 1351 is divided by 76?
59
Calculate the remainder when 197 is divided by 40.
37
Calculate the remainder when 3252 is divided by 1623.
6
What is the remainder when 96 is divided by 36?
24
Calculate the remainder when 104 is divided by 11.
5
Calculate the remainder when 33 is divided by 5.
3
Calculate the remainder when 393 is divided by 36.
33
What is the remainder when 41 is divided by 27?
14
Calculate the remainder when 2055 is divided by 42.
39
What is the remainder when 3506 is divided by 140?
6
What is the remainder when 154 is divided by 27?
19
What is the remainder when 171 is divided by 40?
11
Calculate the remainder when 1812 is divided by 111.
36
What is the remainder when 114 is divided by 57?
0
What is the remainder when 98 is divided by 27?
17
What is the remainder when 112 is divided by 5?
2
Calculate the remainder when 4199 is divided by 150.
149
Calculate the remainder when 1429 is divided by 1405.
24
What is the remainder when 8607 is divided by 2866?
9
What is the remainder when 855 is divided by 109?
92
What is the remainder when 4728 is divided by 110?
108
What is the remainder when 159 is divided by 47?
18
What is the remainder when 351 is divided by 59?
56
Calculate the remainder when 205 is divided by 11.
7
Calculate the remainder when 94 is divided by 49.
45
Calculate the remainder when 191 is divided by 32.
31
What is the remainder when 3317 is divided by 129?
92
Calculate the remainder when 1763 is divided by 126.
125
Calculate the remainder when 9312 is divided by 23.
20
What is the remainder when 10029 is divided by 88?
85
Calculate the remainder when 10 is divided by 4.
2
Calculate the remainder when 333 is divided by 24.
21
What is the remainder when 24428 is divided by 10?
8
Calculate the remainder when 43 is divided by 34.
9
What is the remainder when 2159 is divided by 20?
19
Calculate the remainder when 1151 is divided by 34.
29
What is the remainder when 20349 is divided by 48?
45
Calculate the remainder when 4614 is divided by 44.
38
Calculate the remainder when 104 is divided by 47.
10
Calculate the remainder when 402 is divided by 55.
17
What is the remainder when 801 is divided by 67?
64
What is the remainder when 16 is divided by 6?
4
What is the remainder when 92 is divided by 12?
8
Calculate the remainder when 607 is divided by 290.
27
Calculate the remainder when 153 is divided by 3.
0
Calculate the remainder when 325 is divided by 181.
144
What is the remainder when 1294 is divided by 1287?
7
Calculate the remainder when 872 is divided by 190.
112
What is the remainder when 488 is divided by 29?
24
What is the remainder when 93 is divided by 12?
9
Calculate the remainder when 366 is divided by 31.
25
Calculate the remainder when 340 is divided by 339.
1
What is the remainder when 1989 is divided by 37?
28
Calculate the remainder when 1137 is divided by 408.
321
Calculate the remainder when 48 is divided by 18.
12
Calculate the remainder when 358 is divided by 72.
70
What is the remainder when 126 is divided by 63?
0
Calculate the remainder when 50 is divided by 15.
5
Calculate the remainder when 177 is